the units digit of 4133?
3
What is the hundreds digit of 88027?
0
What is the ten thousands digit of 95928?
9
What is the thousands digit of 9887?
9
What is the thousands digit of 55161?
5
What is the ten thousands digit of 46657?
4
What is the thousands digit of 5632?
5
What is the tens digit of 583?
8
What is the tens digit of 23317?
1
What is the hundreds digit of 85428?
4
What is the units digit of 27033?
3
What is the hundreds digit of 315?
3
What is the thousands digit of 32160?
2
What is the ten thousands digit of 35182?
3
What is the units digit of 5052?
2
What is the units digit of 545?
5
What is the thousands digit of 1251?
1
What is the hundreds digit of 7997?
9
What is the ten thousands digit of 47281?
4
What is the hundreds digit of 3508?
5
What is the tens digit of 1236?
3
What is the ten thousands digit of 61636?
6
What is the thousands digit of 14447?
4
What is the units digit of 942?
2
What is the hundreds digit of 1869?
8
What is the hundreds digit of 75926?
9
What is the thousands digit of 52242?
2
What is the tens digit of 2108?
0
What is the tens digit of 1066?
6
What is the hundreds digit of 40259?
2
What is the hundreds digit of 1441?
4
What is the units digit of 69437?
7
What is the thousands digit of 17377?
7
What is the tens digit of 11581?
8
What is the units digit of 57327?
7
What is the thousands digit of 43465?
3
What is the hundreds digit of 1828?
8
What is the tens digit of 2292?
9
What is the hundreds digit of 868?
8
What is the tens digit of 22429?
2
What is the hundreds digit of 78340?
3
What is the units digit of 25754?
4
What is the units digit of 1292?
2
What is the hundreds digit of 8685?
6
What is the units digit of 13375?
5
What is the hundreds digit of 10835?
8
What is the tens digit of 1603?
0
What is the tens digit of 3336?
3
What is the units digit of 64?
4
What is the units digit of 1896?
6
What is the units digit of 745?
5
What is the thousands digit of 74474?
4
What is the units digit of 1387?
7
What is the units digit of 932?
2
What is the hundreds digit of 3604?
6
What is the ten thousands digit of 59941?
5
What is the units digit of 453?
3
What is the thousands digit of 26288?
6
What is the units digit of 6167?
7
What is the units digit of 1148?
8
What is the tens digit of 5415?
1
What is the tens digit of 12925?
2
What is the hundreds digit of 1287?
2
What is the hundreds digit of 2074?
0
What is the tens digit of 583?
8
What is the tens digit of 4198?
9
What is the tens digit of 1936?
3
What is the thousands digit of 6928?
6
What is the hundreds digit of 50437?
4
What is the hundreds digit of 1149?
1
What is the thousands digit of 20859?
0
What is the tens digit of 372?
7
What is the tens digit of 20954?
5
What is the tens digit of 2717?
1
What is the thousands digit of 17273?
7
What is the hundreds digit of 4680?
6
What is the ten thousands digit of 11599?
1
What is the tens digit of 2865?
6
What is the tens digit of 832?
3
What is the units digit of 341?
1
What is the tens digit of 1048?
4
What is the hundreds digit of 14105?
1
What is the hundreds digit of 22324?
3
What is the tens digit of 3462?
6
What is the tens digit of 803?
0
What is the units digit of 113279?
9
What is the hundreds digit of 30846?
8
What is the ten thousands digit of 49261?
4
What is the thousands digit of 1089?
1
What is the ten thousands digit of 71345?
7
What is the tens digit of 85626?
2
What is the units digit of 1782?
2
What is the ten thousands digit of 25011?
2
What is the tens digit of 46937?
3
What is the units digit of 13916?
6
What is the tens digit of 734?
3
What is the tens digit of 14611?
1
What is the ten thousands digit of 52216?
5
What is the thousands digit of 19100?
9
What is the hundreds digit of 53639?
6
What is the units digit of 13288?
8
What is the ten thousands digit of 195828?
9
What is the hundreds digit of 160?
1
What is the thousands digit of 10572?
0
What is the thousands digit of 24969?
4
What is the units digit of 6307?
7
What is the hundreds digit of 275?
2
What is the units digit of 20799?
9
What is the units digit of 1052?
2
What is the thousands digit of 4848?
4
What is the tens digit of 24798?
9
What is the thousands digit of 2624?
2
What is the tens digit of 4629?
2
What is the thousands digit of 2232?
2
What is the hundreds digit of 4555?
5
What is the units digit of 463?
3
What is the tens digit of 3299?
9
What is the thousands digit of 1192?
1
What is the hundreds digit of 1766?
7
What is the units digit of 17979?
9
What is the tens digit of 608?
0
What is the hundreds digit of 29694?
6
What is the tens digit of 211?
1
What is the hundreds digit of 1396?
3
What is the units digit of 4677?
7
What is the tens digit of 13748?
4
What is the ten thousands digit of 59348?
5
What is the tens digit of 287?
8
What is the tens digit of 60098?
9
What is the units digit of 4199?
9
What is the tens digit of 43493?
9
What is the ten thousands digit of 12025?
1
What is the hundreds digit of 290?
2
What is the hundreds digit of 221?
2
What is the thousands digit of 2886?
2
What is the thousands digit of 97521?
7
What is the thousands digit of 18946?
8
What is the tens digit of 881?
8
What is the ten thousands digit of 76063?
7
What is the tens digit of 2252?
5
What is the tens digit of 1275?
7
What is the ten thousands digit of 12978?
1
What is the hundreds digit of 3826?
8
What is the thousands digit of 5631?
5
What is the units digit of 1663?
3
What is the ten thousands digit of 21958?
2
What is the units digit of 83917?
7
What is the tens digit of 20620?
2
What is the hundreds digit of 5787?
7
What is the tens digit of 8907?
0
What is the hundreds digit of 1859?
8
What is the tens digit of 1667?
6
What is the units digit of 1550?
0
What is the units digit of 9269?
9
What is the units digit of 3121?
1
What is the hundreds digit of 14465?
4
What is the units digit of 1454?
4
What is the ten thousands digit of 53929?
5
What is the units digit of 7636?
6
What is the ten thousands digit of 26875?
2
What is the units digit of 1010?
0
What is the thousands digit of 106100?
6
What is the thousands digit of 23879?
3
What is the tens digit of 971?
7
What is the units digit of 3486?
6
What is the units digit of 60236?
6
What is the thousands digit of 2504?
2
What is the units digit of 2941?
1
What is the units digit of 104?
4
What is the ten thousands digit of 14947?
1
What is the thousands digit of 3947?
3
What is the hundreds digit of 212?
2
What is the tens digit of 9081?
8
What is the hundreds digit of 1207?
2
What is the hundreds digit of 11978?
9
What is the tens digit of 79?
7
What is the tens digit of 24858?
5
What is the units digit of 1581?
1
What is the ten thousands digit of 98944?
9
What is the units digit of 1800?
0
What is the thousands digit of 4986?
4
What is the units digit of 14253?
3
What is the hundreds digit of 3987?
9
What is the units digit of 1628?
8
What is the ten thousands digit of 12875?
1
What is the hundreds digit of 52565?
5
What is the tens digit of 889?
8
What is the tens digit of 599?
9
What is the units digit of 25010?
0
What is the units digit of 1733?
3
What is the thousands digit of 1615?
1
What is the tens digit of 10316?
1
What is the thousands digit of 16904?
6
What is the tens digit of 1645?
4
What is the hundreds digit of 792?
7
What is the units digit of 4626?
6
What is the hundreds digit of 39177?
1
What is the units digit of 65351?
1
What is the tens digit of 9490?
9
What is the tens digit of 35860?
6
What is the tens digit of 22244?
4
What is the thousands digit of 33806?
3
What is the thousands digit of 9742?
9
What is the units digit of 1571?
1
What is the units digit of 79336?
6
What is the hundreds digit of 25443?
4
What is the hundreds digit of 1290?
2
What is the hundreds digit of 1229?
2
What is the units digit of 167?
7
What is the hundreds digit of 8350?
3
What is the thousands digit of 62546?
2
What is the tens digit of 1342?
4
What is the thousands digit of 1358?
1
What is the hundreds digit of 80984?
9
What is the units digit of 60?
0
What is the hundreds digit of 2470?
4
What is the hundreds digit of 25010?
0
What is the units digit of 353?
3
What is the tens digit of 905?
0
What is the units digit of 16665?
5
What is the tens digit 